{"id":6,"date":"2015-01-19T18:49:59","date_gmt":"2015-01-19T21:49:59","guid":{"rendered":"http:\/\/dev.eventos.cmm.uchile.cl\/patagonia2015\/?page_id=6"},"modified":"2015-01-26T17:28:33","modified_gmt":"2015-01-26T20:28:33","slug":"aysen","status":"publish","type":"page","link":"https:\/\/dev.eventos.cmm.uchile.cl\/patagonia2015\/","title":{"rendered":"Jornada Tecnol\u00f3gica de Ays\u00e9n"},"content":{"rendered":"<p>La Intendenta de la Regi\u00f3n de Ays\u00e9n del General Carlos Ib\u00e1\u00f1ez del Campo, Ximena \u00d3rdenes tiene el agrado de invitar a usted a la <strong>Jornada Tecnol\u00f3gica de Ays\u00e9n 2015: Nuevas Oportunidades de Desarrollo Abiertas por la Red F\u00f3tonica de la Fibra \u00d3ptica Austral<\/strong>, que organiza en colaboraci\u00f3n con el <a href=\"http:\/\/www.cmm.uchile.cl\/\">Centro de Modelamiento Matem\u00e1tico (CMM)<\/a> de la Universidad de Chile.<\/p>\n<p>Este evento se realizar\u00e1 el viernes 30 de enero de 2015 de 8:30 a 13:30 horas en el Centro Cultural de Coyhaique, ubicado en <a title=\"Lugar\" href=\"http:\/\/dev.eventos.cmm.uchile.cl\/patagonia2015\/aysen\/lugar\/\"><em>Eusebio Lillo 23, Coyhaique<\/em><\/a>.<\/p>\n<p><a href=\"http:\/\/dev.eventos.cmm.uchile.cl\/patagonia2015\/aysen\/programa-aysen\/\">Programa aqu\u00ed<\/a><\/p>\n","protected":false},"excerpt":{"rendered":"<p>La Intendenta de la Regi\u00f3n de Ays\u00e9n del General Carlos Ib\u00e1\u00f1ez del Campo, Ximena \u00d3rdenes tiene el agrado de invitar a usted a la Jornada Tecnol\u00f3gica de Ays\u00e9n 2015: Nuevas Oportunidades de Desarrollo Abiertas por la Red F\u00f3tonica de la Fibra \u00d3ptica Austral, que organiza en colaboraci\u00f3n con el Centro de Modelamiento Matem\u00e1tico (CMM) de &hellip; <a href=\"https:\/\/dev.eventos.cmm.uchile.cl\/patagonia2015\/\" class=\"more-link\">Seguir leyendo <span class=\"screen-reader-text\">Jornada Tecnol\u00f3gica de Ays\u00e9n<\/span> <span class=\"meta-nav\">&rarr;<\/span><\/a><\/p>\n","protected":false},"author":2,"featured_media":0,"parent":0,"menu_order":0,"comment_status":"closed","ping_status":"closed","template":"","meta":{"inline_featured_image":false,"footnotes":""},"class_list":["post-6","page","type-page","status-publish","hentry"],"_links":{"self":[{"href":"https:\/\/dev.eventos.cmm.uchile.cl\/patagonia2015\/wp-json\/wp\/v2\/pages\/6","targetHints":{"allow":["GET"]}}],"collection":[{"href":"https:\/\/dev.eventos.cmm.uchile.cl\/patagonia2015\/wp-json\/wp\/v2\/pages"}],"about":[{"href":"https:\/\/dev.eventos.cmm.uchile.cl\/patagonia2015\/wp-json\/wp\/v2\/types\/page"}],"author":[{"embeddable":true,"href":"https:\/\/dev.eventos.cmm.uchile.cl\/patagonia2015\/wp-json\/wp\/v2\/users\/2"}],"replies":[{"embeddable":true,"href":"https:\/\/dev.eventos.cmm.uchile.cl\/patagonia2015\/wp-json\/wp\/v2\/comments?post=6"}],"version-history":[{"count":7,"href":"https:\/\/dev.eventos.cmm.uchile.cl\/patagonia2015\/wp-json\/wp\/v2\/pages\/6\/revisions"}],"predecessor-version":[{"id":50,"href":"https:\/\/dev.eventos.cmm.uchile.cl\/patagonia2015\/wp-json\/wp\/v2\/pages\/6\/revisions\/50"}],"wp:attachment":[{"href":"https:\/\/dev.eventos.cmm.uchile.cl\/patagonia2015\/wp-json\/wp\/v2\/media?parent=6"}],"curies":[{"name":"wp","href":"https:\/\/api.w.org\/{rel}","templated":true}]}}